{"id":34,"date":"2026-03-07T21:15:25","date_gmt":"2026-03-07T20:15:25","guid":{"rendered":"https:\/\/wkptg.pl\/?page_id=34"},"modified":"2026-03-20T17:08:56","modified_gmt":"2026-03-20T16:08:56","slug":"zaproszenia","status":"publish","type":"page","link":"https:\/\/wkptg.pl\/index.php\/zaproszenia\/","title":{"rendered":"Zaproszenia"},"content":{"rendered":"<p>Tu b\u0119d\u0105 si\u0119 ukazywa\u0107 zaproszenia na imprezy organizowane przez PTTK Oddzia\u0142 Ziemi Wa\u0142brzyskiej, Komisji Turystyki G\u00f3rskie i Wa\u0142brzyskiego Klubu Przodownik\u00f3w Turystyki G\u00f3rskiej.<\/p>\n<p style=\"text-align: center;\"><a href=\"https:\/\/wkptg.pl\/index.php\/plan-imprez-na-biezacy-rok\/\"><strong>Roczny plan\u00a0<\/strong><\/a><\/p>\n","protected":false},"excerpt":{"rendered":"<p>Tu b\u0119d\u0105 si\u0119 ukazywa\u0107 zaproszenia na imprezy organizowane przez PTTK Oddzia\u0142 Ziemi Wa\u0142brzyskiej, Komisji Turystyki G\u00f3rskie i Wa\u0142brzyskiego Klubu Przodownik\u00f3w Turystyki G\u00f3rskiej. Roczny plan\u00a0 <a class=\"continue-reading-link\" href=\"https:\/\/wkptg.pl\/index.php\/zaproszenia\/\">Czytaj dalej<\/a><\/p>\n","protected":false},"author":1,"featured_media":0,"parent":0,"menu_order":0,"comment_status":"closed","ping_status":"closed","template":"","meta":{"footnotes":""},"class_list":["post-34","page","type-page","status-publish","hentry"],"_links":{"self":[{"href":"https:\/\/wkptg.pl\/index.php\/wp-json\/wp\/v2\/pages\/34","targetHints":{"allow":["GET"]}}],"collection":[{"href":"https:\/\/wkptg.pl\/index.php\/wp-json\/wp\/v2\/pages"}],"about":[{"href":"https:\/\/wkptg.pl\/index.php\/wp-json\/wp\/v2\/types\/page"}],"author":[{"embeddable":true,"href":"https:\/\/wkptg.pl\/index.php\/wp-json\/wp\/v2\/users\/1"}],"replies":[{"embeddable":true,"href":"https:\/\/wkptg.pl\/index.php\/wp-json\/wp\/v2\/comments?post=34"}],"version-history":[{"count":3,"href":"https:\/\/wkptg.pl\/index.php\/wp-json\/wp\/v2\/pages\/34\/revisions"}],"predecessor-version":[{"id":145,"href":"https:\/\/wkptg.pl\/index.php\/wp-json\/wp\/v2\/pages\/34\/revisions\/145"}],"wp:attachment":[{"href":"https:\/\/wkptg.pl\/index.php\/wp-json\/wp\/v2\/media?parent=34"}],"curies":[{"name":"wp","href":"https:\/\/api.w.org\/{rel}","templated":true}]}}