{"id":42,"date":"2026-03-07T22:15:34","date_gmt":"2026-03-07T21:15:34","guid":{"rendered":"https:\/\/wkptg.pl\/?page_id=42"},"modified":"2026-03-20T17:00:19","modified_gmt":"2026-03-20T16:00:19","slug":"czlonkowie-klubu","status":"publish","type":"page","link":"https:\/\/wkptg.pl\/index.php\/zarzad-wkptg\/czlonkowie-klubu\/","title":{"rendered":"Cz\u0142onkowie klubu"},"content":{"rendered":"<p style=\"text-align: center;\">Artur Ciempa<\/p>\n<p style=\"text-align: center;\">Grzegorz Jaroni<\/p>\n<p style=\"text-align: center;\">Miros\u0142aw Kabat<\/p>\n<p style=\"text-align: center;\">Walenty Krzysiek<\/p>\n<p style=\"text-align: center;\">Gra\u017cyna Ku\u015btak<\/p>\n<p style=\"text-align: center;\">Stefan Okoniewski<\/p>\n<p style=\"text-align: center;\">Jolanta Pielich<\/p>\n<p style=\"text-align: center;\">Tadeusz Rupoci\u0144ski<\/p>\n<p style=\"text-align: center;\">Wies\u0142aw Rze\u017anikiewicz<\/p>\n<p style=\"text-align: center;\">Robert Strzeszewski<\/p>\n<p style=\"text-align: center;\">Krzysztof Teper<\/p>\n<p style=\"text-align: center;\">\u0141ucja Topolewska<\/p>\n<p style=\"text-align: center;\">Darek Wiczkowski<\/p>\n<p style=\"text-align: center;\">Tomasz Zag\u00f3rski<\/p>\n<p style=\"text-align: center;\">Jacek Pielich<\/p>\n<p style=\"text-align: center;\">Staszek Junak<\/p>\n<p style=\"text-align: center;\">Krzysiek Breier<\/p>\n<p style=\"text-align: center;\">Marysia Burzy\u0144ska<\/p>\n<p style=\"text-align: center;\">Renia Wiczkowska<\/p>\n<p style=\"text-align: center;\">Piotrek Pawlic<\/p>\n<p>&nbsp;<\/p>\n","protected":false},"excerpt":{"rendered":"<p>Artur Ciempa Grzegorz Jaroni Miros\u0142aw Kabat Walenty Krzysiek Gra\u017cyna Ku\u015btak Stefan Okoniewski Jolanta Pielich Tadeusz Rupoci\u0144ski Wies\u0142aw Rze\u017anikiewicz Robert Strzeszewski Krzysztof Teper \u0141ucja Topolewska Darek Wiczkowski Tomasz Zag\u00f3rski Jacek Pielich&#8230; <a class=\"continue-reading-link\" href=\"https:\/\/wkptg.pl\/index.php\/zarzad-wkptg\/czlonkowie-klubu\/\">Czytaj dalej<\/a><\/p>\n","protected":false},"author":1,"featured_media":22,"parent":40,"menu_order":0,"comment_status":"closed","ping_status":"closed","template":"","meta":{"footnotes":""},"class_list":["post-42","page","type-page","status-publish","has-post-thumbnail","hentry"],"_links":{"self":[{"href":"https:\/\/wkptg.pl\/index.php\/wp-json\/wp\/v2\/pages\/42","targetHints":{"allow":["GET"]}}],"collection":[{"href":"https:\/\/wkptg.pl\/index.php\/wp-json\/wp\/v2\/pages"}],"about":[{"href":"https:\/\/wkptg.pl\/index.php\/wp-json\/wp\/v2\/types\/page"}],"author":[{"embeddable":true,"href":"https:\/\/wkptg.pl\/index.php\/wp-json\/wp\/v2\/users\/1"}],"replies":[{"embeddable":true,"href":"https:\/\/wkptg.pl\/index.php\/wp-json\/wp\/v2\/comments?post=42"}],"version-history":[{"count":4,"href":"https:\/\/wkptg.pl\/index.php\/wp-json\/wp\/v2\/pages\/42\/revisions"}],"predecessor-version":[{"id":141,"href":"https:\/\/wkptg.pl\/index.php\/wp-json\/wp\/v2\/pages\/42\/revisions\/141"}],"up":[{"embeddable":true,"href":"https:\/\/wkptg.pl\/index.php\/wp-json\/wp\/v2\/pages\/40"}],"wp:featuredmedia":[{"embeddable":true,"href":"https:\/\/wkptg.pl\/index.php\/wp-json\/wp\/v2\/media\/22"}],"wp:attachment":[{"href":"https:\/\/wkptg.pl\/index.php\/wp-json\/wp\/v2\/media?parent=42"}],"curies":[{"name":"wp","href":"https:\/\/api.w.org\/{rel}","templated":true}]}}